{"id":3827,"date":"2025-01-17T10:26:50","date_gmt":"2025-01-17T10:26:50","guid":{"rendered":"https:\/\/arsmusic.pl\/?page_id=3827"},"modified":"2025-01-17T10:30:08","modified_gmt":"2025-01-17T10:30:08","slug":"radio","status":"publish","type":"page","link":"https:\/\/arsmusic.pl\/index.php\/radio\/","title":{"rendered":"Radio"},"content":{"rendered":"<div  data-slideshow-options=\"{&quot;animation&quot;:&quot;fade&quot;,&quot;autoplay&quot;:false,&quot;loop_autoplay&quot;:&quot;once&quot;,&quot;interval&quot;:5,&quot;loop_manual&quot;:&quot;manual-endless&quot;,&quot;autoplay_stopper&quot;:false,&quot;noNavigation&quot;:false,&quot;show_slide_delay&quot;:90}\" class='avia-content-slider avia-content-grid-active avia-content-slider1 avia-content-slider-odd  avia-builder-el-0  avia-builder-el-no-sibling  av-slideshow-ui av-control-default   av-no-slider-navigation av-slideshow-manual av-loop-once av-loop-manual-endless '  itemscope=\"itemscope\" itemtype=\"https:\/\/schema.org\/Blog\" ><div class=\"avia-content-slider-inner\"><div class=\"slide-entry-wrap\"><article class='slide-entry flex_column  post-entry post-entry-4181 slide-entry-overview slide-loop-1 slide-parity-odd  post-entry-last  av_one_third first real-thumbnail posttype-post post-format-standard'  itemscope=\"itemscope\" itemtype=\"https:\/\/schema.org\/CreativeWork\" ><a href='https:\/\/arsmusic.pl\/index.php\/2025\/06\/16\/swiateczny-koncert-realizowany-przez-tvp3-lublin-2\/' data-rel='slide-1' class='slide-image' title='Radiowo-telewizyjny koncert kol\u0119d &#8211; \u201eSta\u0142a si\u0119 nam nowina mi\u0142a&#8221;'><img decoding=\"async\" fetchpriority=\"high\" width=\"495\" height=\"400\" src=\"https:\/\/arsmusic.pl\/wp-content\/uploads\/2025\/01\/K1-2022.12.22-495x400.jpg\" class=\"wp-image-3734 avia-img-lazy-loading-not-3734 attachment-portfolio size-portfolio wp-post-image\" alt=\"\" srcset=\"https:\/\/arsmusic.pl\/wp-content\/uploads\/2025\/01\/K1-2022.12.22-495x400.jpg 495w, https:\/\/arsmusic.pl\/wp-content\/uploads\/2025\/01\/K1-2022.12.22-845x684.jpg 845w\" sizes=\"(max-width: 495px) 100vw, 495px\" \/><\/a><div class=\"slide-content\"><header class=\"entry-content-header\" aria-label=\"Slide: Radiowo-telewizyjny koncert kol\u0119d - \u201eSta\u0142a si\u0119 nam nowina mi\u0142a&quot;\"><h3 class='slide-entry-title entry-title '  itemprop=\"headline\" ><a href='https:\/\/arsmusic.pl\/index.php\/2025\/06\/16\/swiateczny-koncert-realizowany-przez-tvp3-lublin-2\/' title='Radiowo-telewizyjny koncert kol\u0119d &#8211; \u201eSta\u0142a si\u0119 nam nowina mi\u0142a&#8221;'>Radiowo-telewizyjny koncert kol\u0119d &#8211; \u201eSta\u0142a si\u0119 nam nowina mi\u0142a&#8221;<\/a><\/h3><span class=\"av-vertical-delimiter\"><\/span><\/header><div class=\"slide-meta\"><time class='slide-meta-time updated'  itemprop=\"datePublished\" datetime=\"2025-06-16T13:41:05+02:00\" >16\/06\/2025<\/time><\/div><div class='slide-entry-excerpt entry-content'  itemprop=\"text\" >\u201eSta\u0142a nam si\u0119 nowina mi\u0142a\u2026\u201d - Agata Rumi\u0144ska-Sulenta, Chris Cugowski , Ch\u00f3r i Orkiestra Kameralna \u201eIUBILAEUM\u201d<\/div><\/div><footer class=\"entry-footer\"><\/footer><span class='hidden'>\n\t\t\t\t<span class='av-structured-data'  itemprop=\"image\" itemscope=\"itemscope\" itemtype=\"https:\/\/schema.org\/ImageObject\" >\n\t\t\t\t\t\t<span itemprop='url'>https:\/\/arsmusic.pl\/wp-content\/uploads\/2025\/01\/K1-2022.12.22.jpg<\/span>\n\t\t\t\t\t\t<span itemprop='height'>1024<\/span>\n\t\t\t\t\t\t<span itemprop='width'>1580<\/span>\n\t\t\t\t<\/span>\n\t\t\t\t<span class='av-structured-data'  itemprop=\"publisher\" itemtype=\"https:\/\/schema.org\/Organization\" itemscope=\"itemscope\" >\n\t\t\t\t\t\t<span itemprop='name'>admin<\/span>\n\t\t\t\t\t\t<span itemprop='logo' itemscope itemtype='https:\/\/schema.org\/ImageObject'>\n\t\t\t\t\t\t\t<span itemprop='url'>https:\/\/arsmusic.pl\/wp-content\/uploads\/2024\/12\/logo-white-2-300x138.png<\/span>\n\t\t\t\t\t\t<\/span>\n\t\t\t\t<\/span><span class='av-structured-data'  itemprop=\"author\" itemscope=\"itemscope\" itemtype=\"https:\/\/schema.org\/Person\" ><span itemprop='name'>admin<\/span><\/span><span class='av-structured-data'  itemprop=\"datePublished\" datetime=\"2025-01-17T10:26:50+01:00\" >2025-06-16 13:41:05<\/span><span class='av-structured-data'  itemprop=\"dateModified\" itemtype=\"https:\/\/schema.org\/dateModified\" >2025-06-16 13:42:11<\/span><span class='av-structured-data'  itemprop=\"mainEntityOfPage\" itemtype=\"https:\/\/schema.org\/mainEntityOfPage\" ><span itemprop='name'>Radiowo-telewizyjny koncert kol\u0119d &#8211; \u201eSta\u0142a si\u0119 nam nowina mi\u0142a&#8221;<\/span><\/span><\/span><\/article><\/div><\/div><\/div>\n","protected":false},"excerpt":{"rendered":"","protected":false},"author":1,"featured_media":0,"parent":0,"menu_order":0,"comment_status":"closed","ping_status":"closed","template":"","meta":{"footnotes":""},"class_list":["post-3827","page","type-page","status-publish","hentry"],"_links":{"self":[{"href":"https:\/\/arsmusic.pl\/index.php\/wp-json\/wp\/v2\/pages\/3827","targetHints":{"allow":["GET"]}}],"collection":[{"href":"https:\/\/arsmusic.pl\/index.php\/wp-json\/wp\/v2\/pages"}],"about":[{"href":"https:\/\/arsmusic.pl\/index.php\/wp-json\/wp\/v2\/types\/page"}],"author":[{"embeddable":true,"href":"https:\/\/arsmusic.pl\/index.php\/wp-json\/wp\/v2\/users\/1"}],"replies":[{"embeddable":true,"href":"https:\/\/arsmusic.pl\/index.php\/wp-json\/wp\/v2\/comments?post=3827"}],"version-history":[{"count":1,"href":"https:\/\/arsmusic.pl\/index.php\/wp-json\/wp\/v2\/pages\/3827\/revisions"}],"predecessor-version":[{"id":3828,"href":"https:\/\/arsmusic.pl\/index.php\/wp-json\/wp\/v2\/pages\/3827\/revisions\/3828"}],"wp:attachment":[{"href":"https:\/\/arsmusic.pl\/index.php\/wp-json\/wp\/v2\/media?parent=3827"}],"curies":[{"name":"wp","href":"https:\/\/api.w.org\/{rel}","templated":true}]}}

<div  data-slideshow-options="{&quot;animation&quot;:&quot;fade&quot;,&quot;autoplay&quot;:false,&quot;loop_autoplay&quot;:&quot;once&quot;,&quot;interval&quot;:5,&quot;loop_manual&quot;:&quot;manual-endless&quot;,&quot;autoplay_stopper&quot;:false,&quot;noNavigation&quot;:false,&quot;show_slide_delay&quot;:90}" class='avia-content-slider avia-content-grid-active avia-content-slider1 avia-content-slider-odd  avia-builder-el-0  avia-builder-el-no-sibling  av-slideshow-ui av-control-default   av-no-slider-navigation av-slideshow-manual av-loop-once av-loop-manual-endless '  itemscope="itemscope" itemtype="https://schema.org/Blog" ><div class="avia-content-slider-inner"><div class="slide-entry-wrap"><article class='slide-entry flex_column  post-entry post-entry-4181 slide-entry-overview slide-loop-1 slide-parity-odd  post-entry-last  av_one_third first real-thumbnail posttype-post post-format-standard'  itemscope="itemscope" itemtype="https://schema.org/CreativeWork" ><a href='https://arsmusic.pl/index.php/2025/06/16/swiateczny-koncert-realizowany-przez-tvp3-lublin-2/' data-rel='slide-1' class='slide-image' title='Radiowo-telewizyjny koncert kolęd &#8211; „Stała się nam nowina miła&#8221;'><img decoding="async" fetchpriority="high" width="495" height="400" src="https://arsmusic.pl/wp-content/uploads/2025/01/K1-2022.12.22-495x400.jpg" class="wp-image-3734 avia-img-lazy-loading-not-3734 attachment-portfolio size-portfolio wp-post-image" alt="" srcset="https://arsmusic.pl/wp-content/uploads/2025/01/K1-2022.12.22-495x400.jpg 495w, https://arsmusic.pl/wp-content/uploads/2025/01/K1-2022.12.22-845x684.jpg 845w" sizes="(max-width: 495px) 100vw, 495px" /></a><div class="slide-content"><header class="entry-content-header" aria-label="Slide: Radiowo-telewizyjny koncert kolęd - „Stała się nam nowina miła&quot;"><h3 class='slide-entry-title entry-title '  itemprop="headline" ><a href='https://arsmusic.pl/index.php/2025/06/16/swiateczny-koncert-realizowany-przez-tvp3-lublin-2/' title='Radiowo-telewizyjny koncert kolęd &#8211; „Stała się nam nowina miła&#8221;'>Radiowo-telewizyjny koncert kolęd &#8211; „Stała się nam nowina miła&#8221;</a></h3><span class="av-vertical-delimiter"></span></header><div class="slide-meta"><time class='slide-meta-time updated'  itemprop="datePublished" datetime="2025-06-16T13:41:05+02:00" >16/06/2025</time></div><div class='slide-entry-excerpt entry-content'  itemprop="text" >„Stała nam się nowina miła…” - Agata Rumińska-Sulenta, Chris Cugowski , Chór i Orkiestra Kameralna „IUBILAEUM”</div></div><footer class="entry-footer"></footer><span class='hidden'>
				<span class='av-structured-data'  itemprop="image" itemscope="itemscope" itemtype="https://schema.org/ImageObject" >
						<span itemprop='url'>https://arsmusic.pl/wp-content/uploads/2025/01/K1-2022.12.22.jpg</span>
						<span itemprop='height'>1024</span>
						<span itemprop='width'>1580</span>
				</span>
				<span class='av-structured-data'  itemprop="publisher" itemtype="https://schema.org/Organization" itemscope="itemscope" >
						<span itemprop='name'>admin</span>
						<span itemprop='logo' itemscope itemtype='https://schema.org/ImageObject'>
							<span itemprop='url'>https://arsmusic.pl/wp-content/uploads/2024/12/logo-white-2-300x138.png</span>
						</span>
				</span><span class='av-structured-data'  itemprop="author" itemscope="itemscope" itemtype="https://schema.org/Person" ><span itemprop='name'>admin</span></span><span class='av-structured-data'  itemprop="datePublished" datetime="2025-01-17T10:26:50+01:00" >2025-06-16 13:41:05</span><span class='av-structured-data'  itemprop="dateModified" itemtype="https://schema.org/dateModified" >2025-06-16 13:42:11</span><span class='av-structured-data'  itemprop="mainEntityOfPage" itemtype="https://schema.org/mainEntityOfPage" ><span itemprop='name'>Radiowo-telewizyjny koncert kolęd &#8211; „Stała się nam nowina miła&#8221;</span></span></span></article></div></div></div>
